{"id":11,"date":"2024-10-29T10:08:47","date_gmt":"2024-10-29T10:08:47","guid":{"rendered":"https:\/\/jf-santanadaserra.pt\/?page_id=11"},"modified":"2024-10-29T11:40:34","modified_gmt":"2024-10-29T11:40:34","slug":"informacoes-uteis","status":"publish","type":"page","link":"https:\/\/jf-santanadaserra.pt\/?page_id=11","title":{"rendered":"Informa\u00e7\u00f5es \u00dateis"},"content":{"rendered":"\n<h2 class=\"wp-block-heading\"><strong>Horario da Junta<\/strong><\/h2>\n\n\n\n<p><strong> <\/strong>09:30 \u00e1s 12:30 e das 14:00 \u00e1s 17:30<\/p>\n\n\n\n<h2 class=\"wp-block-heading\"><strong>Horario do Gabinete do Cidad\u00e3o<\/strong><\/h2>\n\n\n\n<p>10:00 \u00e1s 16:00<\/p>\n\n\n\n<p><\/p>\n","protected":false},"excerpt":{"rendered":"<p>Horario da Junta 09:30 \u00e1s 12:30 e das 14:00 \u00e1s 17:30 Horario do Gabinete do Cidad\u00e3o 10:00 \u00e1s 16:00<\/p>\n","protected":false},"author":1,"featured_media":0,"parent":0,"menu_order":0,"comment_status":"closed","ping_status":"closed","template":"","meta":{"_mc_calendar":[],"footnotes":""},"class_list":["post-11","page","type-page","status-publish","hentry","description-off"],"_links":{"self":[{"href":"https:\/\/jf-santanadaserra.pt\/index.php?rest_route=\/wp\/v2\/pages\/11","targetHints":{"allow":["GET"]}}],"collection":[{"href":"https:\/\/jf-santanadaserra.pt\/index.php?rest_route=\/wp\/v2\/pages"}],"about":[{"href":"https:\/\/jf-santanadaserra.pt\/index.php?rest_route=\/wp\/v2\/types\/page"}],"author":[{"embeddable":true,"href":"https:\/\/jf-santanadaserra.pt\/index.php?rest_route=\/wp\/v2\/users\/1"}],"replies":[{"embeddable":true,"href":"https:\/\/jf-santanadaserra.pt\/index.php?rest_route=%2Fwp%2Fv2%2Fcomments&post=11"}],"version-history":[{"count":5,"href":"https:\/\/jf-santanadaserra.pt\/index.php?rest_route=\/wp\/v2\/pages\/11\/revisions"}],"predecessor-version":[{"id":84,"href":"https:\/\/jf-santanadaserra.pt\/index.php?rest_route=\/wp\/v2\/pages\/11\/revisions\/84"}],"wp:attachment":[{"href":"https:\/\/jf-santanadaserra.pt\/index.php?rest_route=%2Fwp%2Fv2%2Fmedia&parent=11"}],"curies":[{"name":"wp","href":"https:\/\/api.w.org\/{rel}","templated":true}]}}