{"id":19,"date":"2024-10-29T10:10:09","date_gmt":"2024-10-29T10:10:09","guid":{"rendered":"https:\/\/jf-santanadaserra.pt\/?page_id=19"},"modified":"2024-12-16T18:22:35","modified_gmt":"2024-12-16T18:22:35","slug":"patrimonio","status":"publish","type":"page","link":"https:\/\/jf-santanadaserra.pt\/?page_id=19","title":{"rendered":"Caracteriza\u00e7\u00e3o Geral"},"content":{"rendered":"\n<h3 class=\"wp-block-heading has-light-gray-color has-text-color has-link-color wp-elements-70a990921b5e742cc4c7b4908d60fac6\">Caracteriza\u00e7\u00e3o Geral da Freguesia e Enquadramento Geogr\u00e1fico<\/h3>\n\n\n\n<p>Santana da Serra \u00e9 uma das seis freguesias do concelho de Ourique, situado no centro-sul do Baixo-Alentejo.<\/p>\n\n\n\n<p>A nossa freguesia tem uma \u00e1rea de 190,81 Km2, situando-se no sul do concelho, na zona de transi\u00e7\u00e3o da plan\u00edcie alentejana para a serra algarvia. O composto da Serra alude \u00e0 localiza\u00e7\u00e3o da freguesia nos contrafortes da Serra do Caldeir\u00e3o.<\/p>\n\n\n\n<p>Tem como limites administrativos, a norte a freguesia de Ourique e a Sul o concelho de Silves. A leste confina com as freguesias de Gomes Aires e S. Barnab\u00e9 do concelho de Almod\u00f4var e a ocidente com S. Martinho das Amoreiras e Santa Clara a Velha do concelho de Odemira.<\/p>\n\n\n\n<p>\u00c9 composta, al\u00e9m da sede de freguesia, por in\u00fameros montes sendo de destacar: Carapetal, Castelo Ventoso, Corte Coelho, Cortes Pereiras, Estieiro, Fitos, Guilherme, Lajes, Medronheira, Monte Branco da Serra, Monte da Ribeira, Pipi, Portela do Lobo, Portela das Pi\u00e7arras, Rio Torto, Salvada, Sambro, Selada, Serro do Guincho, Sismalhas, Soalheira, Vale e V\u00e1rzea do Corcho.<\/p>\n\n\n\n<p>A freguesia de Santana da Serra, zona de serra, ficando nos contrafortes da Serra do Caldeir\u00e3o, n\u00e3o sendo muito alta, \u00e9 extremamente acidentada, com cabe\u00e7os separados por vales estreitos, por onde correm ribeiros e barrancos.<\/p>\n\n\n\n<p>Toda a freguesia \u00e9 atravessada por caminhos tortuosos, sendo povoada por diversas aves e animais selvagens.<\/p>\n\n\n\n<p>Pertence a uma zona do interior serrano, com caracter\u00edsticas de ruralidade, escassamente povoada, onde a desertifica\u00e7\u00e3o aumenta de ano para ano. A nossa regi\u00e3o oferece condi\u00e7\u00f5es de ambiente excecionais, num quadro ecologicamente preservado que convida \u00e0 frui\u00e7\u00e3o da natureza, aos passeios pelos campos da serra e de terra, \u00e0 ca\u00e7a e \u00e0 pesca nos regolfos da Barragem de Santa Clara a Velha.<\/p>\n\n\n\n<p>A casa tradicional costuma ter uma sala grande \u00e0 entrada: lugar de receber visitas e, sendo o centro distribuidor para as outras divis\u00f5es da moradia. As casas, as mais antigas, s\u00e3o caiadas com cal (a cal \u00e9 o espelho de expulsar o sol) por dentro e por fora. Algumas ainda t\u00eam aberturas estreitas e com um postigo rasgado na porta.<\/p>\n\n\n\n<p>No povo, todas as ruas v\u00e3o dar aos largos, sendo este o poiso dos homens mais velhos. Juntam-se em pequenos grupos. No ver\u00e3o atr\u00e1s das sombras, no inverno a perseguir o olhinho do sol.<\/p>\n\n\n\n<p>H\u00e1 montes perdidos na serra com fornos de p\u00e3o, feitos de pedra, encostados \u00e0s casas, nos quais o p\u00e3o alentejano e os bolos da amassadura s\u00e3o fabricados por m\u00e3os H\u00e1beis, rugosas e macias.<\/p>\n\n\n\n<p>Nalguns alambiques fabrica-se artesanalmente o medronho- o elixir destas paragens, fruto do medronheiro, planta que abunda pelos outeiros e vales. Os homens desta zona serrenha extraem o mel das colmeias. \u00c9 ele o n\u00e9ctar dos deuses, a base da do\u00e7aria regional. Mel e medronho s\u00e3o os paladares da serra de Santana. Para a promo\u00e7\u00e3o destes produtos realiza-se anualmente a Feira dos Sabores da Serra.<\/p>\n\n\n\n<p>Toda a regi\u00e3o tem uma beleza selvagem, onde se respira o ar puro, n\u00e3o existindo ainda a polui\u00e7\u00e3o. Aqui rompem urzes, rosmaninhos, tojos e alecrim. H\u00e1 loendros, zambujeiros e as resinosas estevas. Os sobreiros, as azinheiras e os medronheiros abundam pelas chapadas e encostas. Ultimamente apareceram os eucaliptos, novo ex\u00e9rcito conquistador, \u00e1rvore de crescimento r\u00e1pido e de maior valor comercial, que aos poucos ocuparam alguns dos terrenos outrora dedicados \u00e0 pequena agricultura.<\/p>\n\n\n\n<div style=\"height:25px\" aria-hidden=\"true\" class=\"wp-block-spacer\"><\/div>\n\n\n\n<blockquote class=\"wp-block-quote is-layout-flow wp-block-quote-is-layout-flow\">\n<p class=\"has-small-font-size\">Autor: Junta de Freguesia de Santana da Serra 2005<br>Livro: Santana da Serra Passado e Presente<\/p>\n<\/blockquote>\n","protected":false},"excerpt":{"rendered":"<p>Caracteriza\u00e7\u00e3o Geral da Freguesia e Enquadramento Geogr\u00e1fico Santana da Serra \u00e9 uma das seis freguesias do concelho de Ourique, situado no centro-sul do Baixo-Alentejo. A nossa freguesia tem uma \u00e1rea de 190,81 Km2, situando-se no sul do concelho, na zona de transi\u00e7\u00e3o da plan\u00edcie alentejana para a serra algarvia. O composto da Serra alude \u00e0&hellip;<\/p>\n","protected":false},"author":1,"featured_media":0,"parent":0,"menu_order":0,"comment_status":"closed","ping_status":"closed","template":"","meta":{"_mc_calendar":[],"footnotes":""},"class_list":["post-19","page","type-page","status-publish","hentry","description-off"],"_links":{"self":[{"href":"https:\/\/jf-santanadaserra.pt\/index.php?rest_route=\/wp\/v2\/pages\/19","targetHints":{"allow":["GET"]}}],"collection":[{"href":"https:\/\/jf-santanadaserra.pt\/index.php?rest_route=\/wp\/v2\/pages"}],"about":[{"href":"https:\/\/jf-santanadaserra.pt\/index.php?rest_route=\/wp\/v2\/types\/page"}],"author":[{"embeddable":true,"href":"https:\/\/jf-santanadaserra.pt\/index.php?rest_route=\/wp\/v2\/users\/1"}],"replies":[{"embeddable":true,"href":"https:\/\/jf-santanadaserra.pt\/index.php?rest_route=%2Fwp%2Fv2%2Fcomments&post=19"}],"version-history":[{"count":3,"href":"https:\/\/jf-santanadaserra.pt\/index.php?rest_route=\/wp\/v2\/pages\/19\/revisions"}],"predecessor-version":[{"id":174,"href":"https:\/\/jf-santanadaserra.pt\/index.php?rest_route=\/wp\/v2\/pages\/19\/revisions\/174"}],"wp:attachment":[{"href":"https:\/\/jf-santanadaserra.pt\/index.php?rest_route=%2Fwp%2Fv2%2Fmedia&parent=19"}],"curies":[{"name":"wp","href":"https:\/\/api.w.org\/{rel}","templated":true}]}}