{"id":27,"date":"2024-10-29T10:11:06","date_gmt":"2024-10-29T10:11:06","guid":{"rendered":"https:\/\/jf-santanadaserra.pt\/?page_id=27"},"modified":"2024-10-29T11:48:12","modified_gmt":"2024-10-29T11:48:12","slug":"noticias","status":"publish","type":"page","link":"https:\/\/jf-santanadaserra.pt\/?page_id=27","title":{"rendered":"Not\u00edcias"},"content":{"rendered":"<ul class=\"wp-block-latest-posts__list is-grid columns-2 has-dates has-author wp-block-latest-posts\"><li><div class=\"wp-block-latest-posts__featured-image\"><a href=\"https:\/\/jf-santanadaserra.pt\/?p=219\" aria-label=\"Saberes e Sabores 30 e 31 de Maio\"><img loading=\"lazy\" decoding=\"async\" width=\"150\" height=\"150\" src=\"https:\/\/jf-santanadaserra.pt\/wp-content\/uploads\/2026\/04\/IMG-20260420-WA0005-1-150x150.jpg\" class=\"attachment-thumbnail size-thumbnail wp-post-image\" alt=\"\" style=\"\" srcset=\"https:\/\/jf-santanadaserra.pt\/wp-content\/uploads\/2026\/04\/IMG-20260420-WA0005-1-150x150.jpg 150w, https:\/\/jf-santanadaserra.pt\/wp-content\/uploads\/2026\/04\/IMG-20260420-WA0005-1-600x600.jpg 600w\" sizes=\"auto, (max-width: 150px) 100vw, 150px\" \/><\/a><\/div><a class=\"wp-block-latest-posts__post-title\" href=\"https:\/\/jf-santanadaserra.pt\/?p=219\">Saberes e Sabores 30 e 31 de Maio<\/a><div class=\"wp-block-latest-posts__post-author\">por fresoft<\/div><time datetime=\"2026-04-30T11:35:19+00:00\" class=\"wp-block-latest-posts__post-date\">30 de Abril, 2026<\/time><div class=\"wp-block-latest-posts__post-excerpt\"><\/div><\/li>\n<li><div class=\"wp-block-latest-posts__featured-image\"><a href=\"https:\/\/jf-santanadaserra.pt\/?p=221\" aria-label=\"Convoca\u00e7\u00e3o de Sess\u00e3o Ordin\u00e1ria 29\/04\"><img loading=\"lazy\" decoding=\"async\" width=\"150\" height=\"150\" src=\"https:\/\/jf-santanadaserra.pt\/wp-content\/uploads\/2026\/04\/IMG-20260420-WA0022-1-150x150.jpg\" class=\"attachment-thumbnail size-thumbnail wp-post-image\" alt=\"\" style=\"\" srcset=\"https:\/\/jf-santanadaserra.pt\/wp-content\/uploads\/2026\/04\/IMG-20260420-WA0022-1-150x150.jpg 150w, https:\/\/jf-santanadaserra.pt\/wp-content\/uploads\/2026\/04\/IMG-20260420-WA0022-1-600x600.jpg 600w\" sizes=\"auto, (max-width: 150px) 100vw, 150px\" \/><\/a><\/div><a class=\"wp-block-latest-posts__post-title\" href=\"https:\/\/jf-santanadaserra.pt\/?p=221\">Convoca\u00e7\u00e3o de Sess\u00e3o Ordin\u00e1ria 29\/04<\/a><div class=\"wp-block-latest-posts__post-author\">por fresoft<\/div><time datetime=\"2026-04-28T14:07:16+00:00\" class=\"wp-block-latest-posts__post-date\">28 de Abril, 2026<\/time><div class=\"wp-block-latest-posts__post-excerpt\"><\/div><\/li>\n<li><div class=\"wp-block-latest-posts__featured-image\"><a href=\"https:\/\/jf-santanadaserra.pt\/?p=210\" aria-label=\"Celebra\u00e7\u00e3o de contrato de trabalho em fun\u00e7\u00f5es p\u00fablicas\"><img loading=\"lazy\" decoding=\"async\" width=\"150\" height=\"150\" src=\"https:\/\/jf-santanadaserra.pt\/wp-content\/uploads\/2024\/10\/logo-1-150x150.png\" class=\"attachment-thumbnail size-thumbnail wp-post-image\" alt=\"\" style=\"\" srcset=\"https:\/\/jf-santanadaserra.pt\/wp-content\/uploads\/2024\/10\/logo-1-150x150.png 150w, https:\/\/jf-santanadaserra.pt\/wp-content\/uploads\/2024\/10\/logo-1.png 200w\" sizes=\"auto, (max-width: 150px) 100vw, 150px\" \/><\/a><\/div><a class=\"wp-block-latest-posts__post-title\" href=\"https:\/\/jf-santanadaserra.pt\/?p=210\">Celebra\u00e7\u00e3o de contrato de trabalho em fun\u00e7\u00f5es p\u00fablicas<\/a><div class=\"wp-block-latest-posts__post-author\">por fresoft<\/div><time datetime=\"2026-02-02T15:35:07+00:00\" class=\"wp-block-latest-posts__post-date\">2 de Fevereiro, 2026<\/time><div class=\"wp-block-latest-posts__post-excerpt\">Celebra\u00e7\u00e3o de contrato de trabalho em fun\u00e7\u00f5es p\u00fablicas a termo resolutivo incerto de trabalhador da carreira de Assistente Operacional [Documento]<\/div><\/li>\n<li><div class=\"wp-block-latest-posts__featured-image\"><a href=\"https:\/\/jf-santanadaserra.pt\/?p=135\" aria-label=\"Procedimento concursal comum\"><img loading=\"lazy\" decoding=\"async\" width=\"150\" height=\"150\" src=\"https:\/\/jf-santanadaserra.pt\/wp-content\/uploads\/2024\/10\/logo-1-150x150.png\" class=\"attachment-thumbnail size-thumbnail wp-post-image\" alt=\"\" style=\"\" srcset=\"https:\/\/jf-santanadaserra.pt\/wp-content\/uploads\/2024\/10\/logo-1-150x150.png 150w, https:\/\/jf-santanadaserra.pt\/wp-content\/uploads\/2024\/10\/logo-1.png 200w\" sizes=\"auto, (max-width: 150px) 100vw, 150px\" \/><\/a><\/div><a class=\"wp-block-latest-posts__post-title\" href=\"https:\/\/jf-santanadaserra.pt\/?p=135\">Procedimento concursal comum<\/a><div class=\"wp-block-latest-posts__post-author\">por Junta de Freguesia de Santana da Serra<\/div><time datetime=\"2024-12-02T20:22:28+00:00\" class=\"wp-block-latest-posts__post-date\">2 de Dezembro, 2024<\/time><div class=\"wp-block-latest-posts__post-excerpt\">Procedimento concursal comum para a constitui\u00e7\u00e3o de v\u00ednculo de emprego p\u00fablico&#8230;<\/div><\/li>\n<\/ul>","protected":false},"excerpt":{"rendered":"","protected":false},"author":1,"featured_media":0,"parent":0,"menu_order":0,"comment_status":"closed","ping_status":"closed","template":"","meta":{"_mc_calendar":[],"footnotes":""},"class_list":["post-27","page","type-page","status-publish","hentry","description-off"],"_links":{"self":[{"href":"https:\/\/jf-santanadaserra.pt\/index.php?rest_route=\/wp\/v2\/pages\/27","targetHints":{"allow":["GET"]}}],"collection":[{"href":"https:\/\/jf-santanadaserra.pt\/index.php?rest_route=\/wp\/v2\/pages"}],"about":[{"href":"https:\/\/jf-santanadaserra.pt\/index.php?rest_route=\/wp\/v2\/types\/page"}],"author":[{"embeddable":true,"href":"https:\/\/jf-santanadaserra.pt\/index.php?rest_route=\/wp\/v2\/users\/1"}],"replies":[{"embeddable":true,"href":"https:\/\/jf-santanadaserra.pt\/index.php?rest_route=%2Fwp%2Fv2%2Fcomments&post=27"}],"version-history":[{"count":2,"href":"https:\/\/jf-santanadaserra.pt\/index.php?rest_route=\/wp\/v2\/pages\/27\/revisions"}],"predecessor-version":[{"id":92,"href":"https:\/\/jf-santanadaserra.pt\/index.php?rest_route=\/wp\/v2\/pages\/27\/revisions\/92"}],"wp:attachment":[{"href":"https:\/\/jf-santanadaserra.pt\/index.php?rest_route=%2Fwp%2Fv2%2Fmedia&parent=27"}],"curies":[{"name":"wp","href":"https:\/\/api.w.org\/{rel}","templated":true}]}}