{"id":7,"date":"2024-10-29T10:08:01","date_gmt":"2024-10-29T10:08:01","guid":{"rendered":"https:\/\/jf-santanadaserra.pt\/?page_id=7"},"modified":"2024-12-17T12:49:24","modified_gmt":"2024-12-17T12:49:24","slug":"inicio","status":"publish","type":"page","link":"https:\/\/jf-santanadaserra.pt\/","title":{"rendered":"In\u00edcio"},"content":{"rendered":"\n<div class=\"wp-block-ultimate-post-post-grid-parent ultp-post-grid-parent\" data-postid=\"7\" data-grids=\"[{&quot;blockId&quot;:&quot;71afc8&quot;,&quot;name&quot;:&quot;ultimate-post_post-grid-2&quot;}]\" data-pagi=\"[]\"><div  class=\"ultp-post-grid-block wp-block-ultimate-post-post-grid-2 ultp-block-71afc8 ultimas-noticias-section\"><div class=\"ultp-block-wrapper\"><div class=\"ultp-loading\"><div class=\"ultp-loading-blocks\" style=\"width:100%;height:100%;\"><div style=\"left: 0;top: 0;animation-delay:0s;\"><\/div><div style=\"left: 21px;top: 0;animation-delay:0.125s;\"><\/div><div style=\"left: 42px;top: 0;animation-delay:0.25s;\"><\/div><div style=\"left: 0;top: 21px;animation-delay:0.875s;\"><\/div><div style=\"left: 42px;top: 21px;animation-delay:0.375s;\"><\/div><div style=\"left: 0;top: 42px;animation-delay:0.75s;\"><\/div><div style=\"left: 42px;top: 42px;animation-delay:0.625s;\"><\/div><div style=\"left: 21px;top: 42px;animation-delay:0.5s;\"><\/div><\/div><\/div><div class=\"ultp-heading-filter\"><div class=\"ultp-heading-filter-in\"><div class=\"ultp-heading-wrap ultp-heading-style15 ultp-heading-center\"><h1 class=\"ultp-heading-inner\"><span>Ultimas Not\u00edcias<\/span><\/h1><\/div><\/div><\/div><div class=\"ultp-block-items-wrap ultp-block-row\"><div class=\"ultp-block-item post-id-219\"><div class=\"ultp-block-content-wrap ultp-block-content-overlay\"><div class=\"ultp-block-image ultp-block-image-zoomOut ultp-block-image-overlay ultp-block-image-custom\"><a href=\"https:\/\/jf-santanadaserra.pt\/?p=219\" ><img decoding=\"async\"  alt=\"Saberes e Sabores 30 e 31 de Maio\"  src=\"https:\/\/jf-santanadaserra.pt\/wp-content\/uploads\/2026\/04\/IMG-20260420-WA0005-1-870x570.jpg\" \/><\/a><\/div><div class=\"ultp-block-content ultp-block-content-bottomPosition\"><div class=\"ultp-block-content-inner\"><h3 class=\"ultp-block-title \"><a href=\"https:\/\/jf-santanadaserra.pt\/?p=219\" >Saberes e Sabores 30 e 31 de Maio<\/a><\/h3><div class=\"ultp-block-readmore\"><a aria-label=\"Saberes e Sabores 30 e 31 de Maio\" href=\"https:\/\/jf-santanadaserra.pt\/?p=219\" >Saber Mais<svg xmlns=\"http:\/\/www.w3.org\/2000\/svg\" viewBox=\"0 0 49.16 37.25\"><path stroke=\"rgba(0,0,0,0)\" stroke-miterlimit=\"10\" d=\"M28.1 36.154a2.048 2.048 0 0 1 0-2.9l12.5-12.5H2.55a2.05 2.05 0 1 1 0-4.1H40.6l-12.5-12.5a2.05 2.05 0 1 1 2.9-2.9l17.45 17.448L31 36.154a2.047 2.047 0 0 1-2.9 0Z\"\/><\/svg><\/a><\/div><\/div><\/div><\/div><\/div><div class=\"ultp-block-item post-id-221\"><div class=\"ultp-block-content-wrap ultp-block-content-overlay\"><div class=\"ultp-block-image ultp-block-image-zoomOut ultp-block-image-overlay ultp-block-image-custom\"><a href=\"https:\/\/jf-santanadaserra.pt\/?p=221\" ><img decoding=\"async\"  alt=\"Convoca\u00e7\u00e3o de Sess\u00e3o Ordin\u00e1ria 29\/04\"  src=\"https:\/\/jf-santanadaserra.pt\/wp-content\/uploads\/2026\/04\/IMG-20260420-WA0022-1-870x570.jpg\" \/><\/a><\/div><div class=\"ultp-block-content ultp-block-content-bottomPosition\"><div class=\"ultp-block-content-inner\"><h3 class=\"ultp-block-title \"><a href=\"https:\/\/jf-santanadaserra.pt\/?p=221\" >Convoca\u00e7\u00e3o de Sess\u00e3o Ordin\u00e1ria 29\/04<\/a><\/h3><div class=\"ultp-block-readmore\"><a aria-label=\"Convoca\u00e7\u00e3o de Sess\u00e3o Ordin\u00e1ria 29\/04\" href=\"https:\/\/jf-santanadaserra.pt\/?p=221\" >Saber Mais<svg xmlns=\"http:\/\/www.w3.org\/2000\/svg\" viewBox=\"0 0 49.16 37.25\"><path stroke=\"rgba(0,0,0,0)\" stroke-miterlimit=\"10\" d=\"M28.1 36.154a2.048 2.048 0 0 1 0-2.9l12.5-12.5H2.55a2.05 2.05 0 1 1 0-4.1H40.6l-12.5-12.5a2.05 2.05 0 1 1 2.9-2.9l17.45 17.448L31 36.154a2.047 2.047 0 0 1-2.9 0Z\"\/><\/svg><\/a><\/div><\/div><\/div><\/div><\/div><div class=\"ultp-block-item post-id-210\"><div class=\"ultp-block-content-wrap ultp-block-content-overlay\"><div class=\"ultp-block-image ultp-block-image-zoomOut ultp-block-image-overlay ultp-block-image-custom\"><a href=\"https:\/\/jf-santanadaserra.pt\/?p=210\" ><img decoding=\"async\"  alt=\"Celebra\u00e7\u00e3o de contrato de trabalho em fun\u00e7\u00f5es p\u00fablicas\"  src=\"https:\/\/jf-santanadaserra.pt\/wp-content\/uploads\/2024\/10\/logo-1.png\" \/><\/a><\/div><div class=\"ultp-block-content ultp-block-content-bottomPosition\"><div class=\"ultp-block-content-inner\"><h3 class=\"ultp-block-title \"><a href=\"https:\/\/jf-santanadaserra.pt\/?p=210\" >Celebra\u00e7\u00e3o de contrato de trabalho em fun\u00e7\u00f5es p\u00fablicas<\/a><\/h3><div class=\"ultp-block-readmore\"><a aria-label=\"Celebra\u00e7\u00e3o de contrato de trabalho em fun\u00e7\u00f5es p\u00fablicas\" href=\"https:\/\/jf-santanadaserra.pt\/?p=210\" >Saber Mais<svg xmlns=\"http:\/\/www.w3.org\/2000\/svg\" viewBox=\"0 0 49.16 37.25\"><path stroke=\"rgba(0,0,0,0)\" stroke-miterlimit=\"10\" d=\"M28.1 36.154a2.048 2.048 0 0 1 0-2.9l12.5-12.5H2.55a2.05 2.05 0 1 1 0-4.1H40.6l-12.5-12.5a2.05 2.05 0 1 1 2.9-2.9l17.45 17.448L31 36.154a2.047 2.047 0 0 1-2.9 0Z\"\/><\/svg><\/a><\/div><\/div><\/div><\/div><\/div><div class=\"ultp-block-item post-id-135\"><div class=\"ultp-block-content-wrap ultp-block-content-overlay\"><div class=\"ultp-block-image ultp-block-image-zoomOut ultp-block-image-overlay ultp-block-image-custom\"><a href=\"https:\/\/jf-santanadaserra.pt\/?p=135\" ><img decoding=\"async\"  alt=\"Procedimento concursal comum\"  src=\"https:\/\/jf-santanadaserra.pt\/wp-content\/uploads\/2024\/10\/logo-1.png\" \/><\/a><\/div><div class=\"ultp-block-content ultp-block-content-bottomPosition\"><div class=\"ultp-block-content-inner\"><h3 class=\"ultp-block-title \"><a href=\"https:\/\/jf-santanadaserra.pt\/?p=135\" >Procedimento concursal comum<\/a><\/h3><div class=\"ultp-block-readmore\"><a aria-label=\"Procedimento concursal comum\" href=\"https:\/\/jf-santanadaserra.pt\/?p=135\" >Saber Mais<svg xmlns=\"http:\/\/www.w3.org\/2000\/svg\" viewBox=\"0 0 49.16 37.25\"><path stroke=\"rgba(0,0,0,0)\" stroke-miterlimit=\"10\" d=\"M28.1 36.154a2.048 2.048 0 0 1 0-2.9l12.5-12.5H2.55a2.05 2.05 0 1 1 0-4.1H40.6l-12.5-12.5a2.05 2.05 0 1 1 2.9-2.9l17.45 17.448L31 36.154a2.047 2.047 0 0 1-2.9 0Z\"\/><\/svg><\/a><\/div><\/div><\/div><\/div><\/div><div class=\"ultp-block-item post-id-115\"><div class=\"ultp-block-content-wrap ultp-block-content-overlay\"><div class=\"ultp-block-image ultp-block-image-zoomOut ultp-block-image-overlay ultp-block-image-custom\"><a href=\"https:\/\/jf-santanadaserra.pt\/?p=115\" ><img decoding=\"async\"  alt=\"Rota da Aldeia\"  src=\"https:\/\/jf-santanadaserra.pt\/wp-content\/uploads\/2024\/10\/logo-1.png\" \/><\/a><\/div><div class=\"ultp-block-content ultp-block-content-bottomPosition\"><div class=\"ultp-block-content-inner\"><h3 class=\"ultp-block-title \"><a href=\"https:\/\/jf-santanadaserra.pt\/?p=115\" >Rota da Aldeia<\/a><\/h3><div class=\"ultp-block-readmore\"><a aria-label=\"Rota da Aldeia\" href=\"https:\/\/jf-santanadaserra.pt\/?p=115\" >Saber Mais<svg xmlns=\"http:\/\/www.w3.org\/2000\/svg\" viewBox=\"0 0 49.16 37.25\"><path stroke=\"rgba(0,0,0,0)\" stroke-miterlimit=\"10\" d=\"M28.1 36.154a2.048 2.048 0 0 1 0-2.9l12.5-12.5H2.55a2.05 2.05 0 1 1 0-4.1H40.6l-12.5-12.5a2.05 2.05 0 1 1 2.9-2.9l17.45 17.448L31 36.154a2.047 2.047 0 0 1-2.9 0Z\"\/><\/svg><\/a><\/div><\/div><\/div><\/div><\/div><\/div><\/div><div class=\"pagination-block-html\" aria-hidden=\"true\" style=\"display: none;\"><\/div><\/div><\/div>\n\n\n\n<p><\/p>\n","protected":false},"excerpt":{"rendered":"","protected":false},"author":1,"featured_media":0,"parent":0,"menu_order":0,"comment_status":"closed","ping_status":"closed","template":"","meta":{"_mc_calendar":[],"footnotes":""},"class_list":["post-7","page","type-page","status-publish","hentry","description-off"],"_links":{"self":[{"href":"https:\/\/jf-santanadaserra.pt\/index.php?rest_route=\/wp\/v2\/pages\/7","targetHints":{"allow":["GET"]}}],"collection":[{"href":"https:\/\/jf-santanadaserra.pt\/index.php?rest_route=\/wp\/v2\/pages"}],"about":[{"href":"https:\/\/jf-santanadaserra.pt\/index.php?rest_route=\/wp\/v2\/types\/page"}],"author":[{"embeddable":true,"href":"https:\/\/jf-santanadaserra.pt\/index.php?rest_route=\/wp\/v2\/users\/1"}],"replies":[{"embeddable":true,"href":"https:\/\/jf-santanadaserra.pt\/index.php?rest_route=%2Fwp%2Fv2%2Fcomments&post=7"}],"version-history":[{"count":9,"href":"https:\/\/jf-santanadaserra.pt\/index.php?rest_route=\/wp\/v2\/pages\/7\/revisions"}],"predecessor-version":[{"id":182,"href":"https:\/\/jf-santanadaserra.pt\/index.php?rest_route=\/wp\/v2\/pages\/7\/revisions\/182"}],"wp:attachment":[{"href":"https:\/\/jf-santanadaserra.pt\/index.php?rest_route=%2Fwp%2Fv2%2Fmedia&parent=7"}],"curies":[{"name":"wp","href":"https:\/\/api.w.org\/{rel}","templated":true}]}}